{"id":2908,"date":"2021-04-01T16:05:07","date_gmt":"2021-04-01T14:05:07","guid":{"rendered":"https:\/\/zwirkiiwigury2.pl\/?page_id=2908"},"modified":"2023-11-04T21:10:33","modified_gmt":"2023-11-04T20:10:33","slug":"2021-2","status":"publish","type":"page","link":"https:\/\/zwirkiiwigury2.pl\/?page_id=2908","title":{"rendered":"2021"},"content":{"rendered":"\n<p class=\"has-text-align-center\" id=\"block-5f9fc8f3-360f-4047-9502-ebdd5b9228a5\"><strong>Wysoko\u015b\u0107 op\u0142aty ogrodowej na rok 2021<br>Uchwalone przez Walne Zebranie &nbsp;Sprawozdawcze<\/strong> <strong><br>w dniu 31 lipca 2021&nbsp; roku<\/strong><\/p>\n\n\n\n<p id=\"block-b3afde85-e52b-4259-863a-8f8513c16032\">\u25c4 Sk\u0142adka cz\u0142onkowska w PZD&nbsp; &nbsp; &nbsp; &nbsp; &nbsp; &nbsp; &nbsp; &nbsp; &nbsp; &nbsp; &nbsp; &nbsp; &nbsp; &nbsp; &nbsp; &nbsp; &nbsp; &nbsp; &nbsp; &nbsp; &nbsp; &nbsp; &nbsp; &nbsp; &nbsp; &nbsp; &nbsp; &nbsp; &#8211; 6,00 z\u0142<br>\u25c4 Op\u0142ata ogrodowa \/ 1,45 x &nbsp;&#8230;&#8230;. m\u00b2&nbsp; &nbsp; &nbsp; &nbsp; &nbsp; &nbsp; &nbsp; &nbsp; &nbsp; &nbsp;&nbsp; &nbsp; &nbsp; &nbsp; &nbsp; &nbsp; &nbsp; &nbsp; &nbsp;&nbsp;&nbsp; &nbsp; \u2026\u2026\u2026\u2026..\u2026\u2026.. &nbsp; &nbsp; &nbsp; &nbsp; (w tym 0,09 z\u0142 partycypacja dla OZ PZD + 1,36 z\u0142 na pokrycie koszt\u00f3w funkcjonowania ROD) &nbsp;<br>\u25c4 Wyw\u00f3z odpad\u00f3w komunalnych&nbsp; &nbsp; &nbsp; &nbsp; &nbsp; &nbsp; &nbsp; &nbsp; &nbsp; &nbsp; &nbsp; &nbsp; &nbsp; &nbsp; &nbsp; &nbsp; &nbsp; &nbsp; &nbsp; &nbsp; &nbsp; &nbsp; &nbsp; &nbsp; &nbsp; &#8211; 130,00 z\u0142<br>\u25c4 Sta\u0142a op\u0142ata energetyczna&nbsp; &nbsp; &nbsp; &nbsp; &nbsp; &nbsp; &nbsp; &nbsp; &nbsp; &nbsp; &nbsp; &nbsp; &nbsp; &nbsp; &nbsp; &nbsp; &nbsp; &nbsp; &nbsp; &nbsp;&nbsp; &nbsp; &nbsp; &nbsp; &nbsp; &nbsp; &nbsp; &nbsp; &nbsp; &nbsp;&nbsp;&nbsp; &#8211; 5,00 z\u0142<br>&#8212;&#8212;&#8212;&#8212;&#8212;&#8212;&#8212;&#8212;&#8212;&#8212;&#8212;&#8212;&#8212;&#8212;&#8212;&#8212;&#8212;&#8212;&#8212;&#8212;&#8212;&#8212;&#8212;&#8212;&#8212;&#8212;&#8212;&#8212;&#8212;&#8212;<\/p>\n\n\n\n<p id=\"block-8d1f9bf9-6ce5-4e54-9601-aea1ef40bc24\">&nbsp; &nbsp; &nbsp; &nbsp; &nbsp; &nbsp; &nbsp; &nbsp; &nbsp; &nbsp; &nbsp; &nbsp; &nbsp; &nbsp; &nbsp; &nbsp; &nbsp; &nbsp; &nbsp; &nbsp; &nbsp; &nbsp; &nbsp; &nbsp; &nbsp; &nbsp; &nbsp; &nbsp; &nbsp; &nbsp; &nbsp; &nbsp; &nbsp; &nbsp; &nbsp; &nbsp; &nbsp; &nbsp; &nbsp; &nbsp;\u0141\u0105cznie: &nbsp;&nbsp;&nbsp;&nbsp;\u2026\u2026\u2026\u2026\u2026\u2026\u2026\u2026\u2026.<\/p>\n\n\n\n<h4 class=\"wp-block-heading\" id=\"block-aad25443-e3d7-41fa-862f-e35b34587a59\"><strong>WYSOKO\u015a\u0106 OP\u0141ATY OGRODOWEJ UZALE\u017bNIONA JEST&nbsp; OD M\u00b2 DANEJ DZIA\u0141KI<\/strong><\/h4>\n\n\n\n<p id=\"block-ac3c4b11-c4a2-4e2c-be5f-379c3daabb02\"><strong>Termin wnoszenie op\u0142at za dzia\u0142k\u0119 do 31 sierpnia 2021 roku&nbsp;<\/strong><br><strong>Za zu\u017cyt\u0105 energi\u0119 oraz wod\u0119 do 30 listopada &nbsp;2021 roku<\/strong><\/p>\n\n\n\n<p id=\"block-65e95458-9078-4674-956c-c955fb68fde9\">Op\u0142aty jednorazowe dotycz\u0105ce&nbsp;<strong>nowych cz\u0142onk\u00f3w<\/strong>: \u2022<br>Op\u0142ata wpisowa&nbsp; &nbsp; &nbsp; &nbsp; &nbsp; &nbsp; &nbsp; &nbsp; &nbsp; &nbsp; &nbsp; &nbsp; &nbsp; &nbsp; &nbsp; &nbsp; &nbsp; &nbsp; &nbsp;&#8211; 300,00 z\u0142 \u2022<br>Op\u0142ata inwestycyjna&nbsp; &nbsp; &nbsp; &nbsp; &nbsp; &nbsp; &nbsp; &nbsp; &nbsp; &nbsp; &nbsp; &nbsp; &nbsp; &nbsp; &nbsp;&#8211; 820,00 z\u0142 \u2022<br>Pod\u0142\u0105czenie pr\u0105du (nowe przy\u0142\u0105cze) &#8211; 270,00 z\u0142 \u2022<\/p>\n\n\n\n<p id=\"block-65e95458-9078-4674-956c-c955fb68fde9\"><br>Op\u0142ata za&nbsp;<strong>ponowne pod\u0142\u0105czenie energii \u2013 50,00 z\u0142<\/strong>&nbsp;(w przypadku wy\u0142\u0105czenia z przyczyn le\u017c\u0105cych po stronie dzia\u0142kowca np: za nieterminowo\u015b\u0107 w op\u0142atach) \u2022<\/p>\n\n\n\n<p id=\"block-d893890d-4733-447e-8e2f-74916df90b2c\">Op\u0142ata ogrodowa&nbsp;<strong>wodna&nbsp; &nbsp; &nbsp; &nbsp; &nbsp; &nbsp; &nbsp; &nbsp; &nbsp; \u2013 1,50 z\u0142 \/ m\u00b3<\/strong>&nbsp;\u2022<\/p>\n\n\n\n<p id=\"block-db152fc8-00d9-40ff-a126-d092b8dee2fc\">odsetki za nieterminowe op\u0142aty:<strong>&nbsp;5,6%<\/strong>&nbsp;w stosunku rocznym<\/p>\n\n\n\n<p id=\"block-b7e128ff-eeca-49bc-885a-2b27c1372896\"><strong>Wp\u0142aty nale\u017cy dokonywa\u0107 przede wszystkim na rachunek bankowy<\/strong><\/p>\n\n\n\n<p id=\"block-f6ed10c6-33a9-4526-a339-2b1cf8b51bc3\"><strong>ROD im. \u017bwirki i Wigury II w Poznaniu. Pozna\u0144ski Bank Sp\u00f3\u0142dzielczy z dopisanym nr. dzia\u0142ki<\/strong> i <strong>nazwisko dzia\u0142kowca<\/strong><\/p>\n\n\n\n<h2 class=\"wp-block-heading\" id=\"block-736c9156-9eda-4295-b6a0-b7056af9fa2c\">71 9043 1070 2070 0010 0579 0001<\/h2>\n\n\n\n<p><\/p>\n","protected":false},"excerpt":{"rendered":"<p>Wysoko\u015b\u0107 op\u0142aty ogrodowej na rok 2021Uchwalone przez Walne Zebranie &nbsp;Sprawozdawcze w dniu 31 lipca 2021&nbsp; roku \u25c4 Sk\u0142adka cz\u0142onkowska w PZD&nbsp; &nbsp; &nbsp; &nbsp; &nbsp; &nbsp; &nbsp; &nbsp; &nbsp; &nbsp; &nbsp; &nbsp; &nbsp; &nbsp; &nbsp; &nbsp; &nbsp; &nbsp; &nbsp; &nbsp; &nbsp; &nbsp; &nbsp; &nbsp; &nbsp; &nbsp; &nbsp; &nbsp; &#8211; 6,00 z\u0142\u25c4 Op\u0142ata ogrodowa \/ 1,45 [&hellip;]<\/p>\n","protected":false},"author":1,"featured_media":0,"parent":3393,"menu_order":10,"comment_status":"closed","ping_status":"closed","template":"","meta":{"footnotes":""},"class_list":["post-2908","page","type-page","status-publish","hentry"],"_links":{"self":[{"href":"https:\/\/zwirkiiwigury2.pl\/index.php?rest_route=\/wp\/v2\/pages\/2908","targetHints":{"allow":["GET"]}}],"collection":[{"href":"https:\/\/zwirkiiwigury2.pl\/index.php?rest_route=\/wp\/v2\/pages"}],"about":[{"href":"https:\/\/zwirkiiwigury2.pl\/index.php?rest_route=\/wp\/v2\/types\/page"}],"author":[{"embeddable":true,"href":"https:\/\/zwirkiiwigury2.pl\/index.php?rest_route=\/wp\/v2\/users\/1"}],"replies":[{"embeddable":true,"href":"https:\/\/zwirkiiwigury2.pl\/index.php?rest_route=%2Fwp%2Fv2%2Fcomments&post=2908"}],"version-history":[{"count":9,"href":"https:\/\/zwirkiiwigury2.pl\/index.php?rest_route=\/wp\/v2\/pages\/2908\/revisions"}],"predecessor-version":[{"id":3396,"href":"https:\/\/zwirkiiwigury2.pl\/index.php?rest_route=\/wp\/v2\/pages\/2908\/revisions\/3396"}],"up":[{"embeddable":true,"href":"https:\/\/zwirkiiwigury2.pl\/index.php?rest_route=\/wp\/v2\/pages\/3393"}],"wp:attachment":[{"href":"https:\/\/zwirkiiwigury2.pl\/index.php?rest_route=%2Fwp%2Fv2%2Fmedia&parent=2908"}],"curies":[{"name":"wp","href":"https:\/\/api.w.org\/{rel}","templated":true}]}}