{"id":3680,"date":"2024-03-06T21:07:40","date_gmt":"2024-03-06T20:07:40","guid":{"rendered":"https:\/\/zwirkiiwigury2.pl\/?page_id=3680"},"modified":"2026-02-12T08:18:36","modified_gmt":"2026-02-12T07:18:36","slug":"3680-2","status":"publish","type":"page","link":"https:\/\/zwirkiiwigury2.pl\/?page_id=3680","title":{"rendered":"2024"},"content":{"rendered":"<h4 id=\"block-a3921582-e6df-46fb-9948-bd3a3966b9fc\" class=\"wp-block-heading\"><strong>Op\u0142ata ogrodowa za rok 2024 uchwalona na Walnym Zebraniu dnia 14.04.2024r<\/strong>:<\/h4>\r\n<!-- \/wp:post-content -->\r\n\r\n<!-- wp:heading {\"level\":4} -->\r\n<h4 id=\"block-a3921582-e6df-46fb-9948-bd3a3966b9fc\" class=\"wp-block-heading\"><strong>WYSOKO\u015a\u0106 OP\u0141ATY OGRODOWEJ UZALE\u017bNIONA JEST\u00a0 OD M\u00b2 DANEJ DZIA\u0141<\/strong>KI<\/h4>\r\n<!-- \/wp:heading -->\r\n\r\n<!-- wp:paragraph -->\r\n<p>\u25c4 Sk\u0142adka cz\u0142onkowska w PZD\u00a0 \u00a0 \u00a0 \u00a0 \u00a0 \u00a0 \u00a0 \u00a0 \u00a0 \u00a0 \u00a0 \u00a0&#8211; 6,00 z\u0142<\/p>\r\n<p>\u25c4 Op\u0142ata ogrodowa \/ 1,70 x \u00a0&#8230;&#8230;. m\u00b2\u00a0 \u00a0 \u00a0 \u00a0 \u00a0 \u00a0 \u00a0<i>&#8230;&#8230;&#8230;&#8230;.<\/i><\/p>\r\n<!-- \/wp:paragraph -->\r\n\r\n<!-- wp:paragraph -->\r\n<p>\u25c4 Wyw\u00f3z odpad\u00f3w komunalnych\u00a0 \u00a0 \u00a0 \u00a0 \u00a0 \u00a0 \u00a0 \u00a0 \u00a0 \u00a0&#8211; 350,00 z\u0142<\/p>\r\n<p>Op\u0142aty jednorazowe dotycz\u0105ce\u00a0<strong>nowych cz\u0142onk\u00f3w<\/strong>: \u2022<\/p>\r\n<p>Op\u0142ata wpisowa\u00a0 \u00a0 \u00a0 \u00a0 \u00a0 \u00a0 \u00a0 \u00a0 \u00a0 \u00a0 \u00a0 \u00a0 \u00a0 \u00a0 \u00a0 \u00a0 \u00a0 \u00a0 \u00a0&#8211; 350,00 z\u0142<\/p>\r\n<p>\u2022 Op\u0142ata inwestycyjna\u00a0 \u00a0 \u00a0 \u00a0 \u00a0 \u00a0 \u00a0 \u00a0 \u00a0 \u00a0 \u00a0 \u00a0 \u00a0 \u00a0 \u00a0&#8211; 1100,00 z\u0142<\/p>\r\n<p>\u2022 Op\u0142ata za\u00a0<strong>ponowne pod\u0142\u0105czenie energii \u2013 200,00 z\u0142<\/strong>\u00a0(w przypadku wy\u0142\u0105czenia z przyczyn le\u017c\u0105cych po stronie dzia\u0142kowca np: za nieterminowo\u015b\u0107 w op\u0142atach)<\/p>\r\n<p>woda\u00a0 \u00a01,50 z\u0142<\/p>","protected":false},"excerpt":{"rendered":"<p>Op\u0142ata ogrodowa za rok 2024 uchwalona na Walnym Zebraniu dnia 14.04.2024r: WYSOKO\u015a\u0106 OP\u0141ATY OGRODOWEJ UZALE\u017bNIONA JEST\u00a0 OD M\u00b2 DANEJ DZIA\u0141KI \u25c4 Sk\u0142adka cz\u0142onkowska w PZD\u00a0 \u00a0 \u00a0 \u00a0 \u00a0 \u00a0 \u00a0 \u00a0 \u00a0 \u00a0 \u00a0 \u00a0&#8211; 6,00 z\u0142 \u25c4 Op\u0142ata ogrodowa \/ 1,70 x \u00a0&#8230;&#8230;. m\u00b2\u00a0 \u00a0 \u00a0 \u00a0 \u00a0 \u00a0 \u00a0&#8230;&#8230;&#8230;&#8230;. \u25c4 Wyw\u00f3z odpad\u00f3w [&hellip;]<\/p>\n","protected":false},"author":1,"featured_media":0,"parent":3393,"menu_order":8,"comment_status":"closed","ping_status":"closed","template":"","meta":{"footnotes":""},"class_list":["post-3680","page","type-page","status-publish","hentry"],"_links":{"self":[{"href":"https:\/\/zwirkiiwigury2.pl\/index.php?rest_route=\/wp\/v2\/pages\/3680","targetHints":{"allow":["GET"]}}],"collection":[{"href":"https:\/\/zwirkiiwigury2.pl\/index.php?rest_route=\/wp\/v2\/pages"}],"about":[{"href":"https:\/\/zwirkiiwigury2.pl\/index.php?rest_route=\/wp\/v2\/types\/page"}],"author":[{"embeddable":true,"href":"https:\/\/zwirkiiwigury2.pl\/index.php?rest_route=\/wp\/v2\/users\/1"}],"replies":[{"embeddable":true,"href":"https:\/\/zwirkiiwigury2.pl\/index.php?rest_route=%2Fwp%2Fv2%2Fcomments&post=3680"}],"version-history":[{"count":8,"href":"https:\/\/zwirkiiwigury2.pl\/index.php?rest_route=\/wp\/v2\/pages\/3680\/revisions"}],"predecessor-version":[{"id":3802,"href":"https:\/\/zwirkiiwigury2.pl\/index.php?rest_route=\/wp\/v2\/pages\/3680\/revisions\/3802"}],"up":[{"embeddable":true,"href":"https:\/\/zwirkiiwigury2.pl\/index.php?rest_route=\/wp\/v2\/pages\/3393"}],"wp:attachment":[{"href":"https:\/\/zwirkiiwigury2.pl\/index.php?rest_route=%2Fwp%2Fv2%2Fmedia&parent=3680"}],"curies":[{"name":"wp","href":"https:\/\/api.w.org\/{rel}","templated":true}]}}